2. Let c = 3 + h. Let s be 256 - ((0 - 2) + c). Calculate the greatest common factor of s and 23.
23
Suppose 2*m - 47 = -3. What is the greatest common factor of 22 and m?
22
Let r(c) = -2*c - 1. Let m be r(-2). Suppose v - 46 = -13. Calculate the highest common factor of m and v.
3
Let k(d) = d**3 + 13*d**2 - 14*d. Let x be k(-13). Calculate the highest common factor of 26 and x.
26
Suppose -4*u + 15 + 5 = 0. Calculate the greatest common factor of 50 and u.
5
Suppose 42 = 2*b + 2*c, 0 = 4*b - 4*c - 0*c - 44. What is the greatest common divisor of 128 and b?
16
Let x(o) = -51*o - 69. Let w be x(-7). What is the highest common divisor of 18 and w?
18
Let r = 101 + -53. Let z = -30 - -38. What is the greatest common divisor of z and r?
8
Let m(o) = -31*o**3 - o**2 - o - 1. Let n be m(-1). Let g(k) = k - 5. Let v be g(-5). Let h be (8/v)/((-1)/25). Calculate the highest common factor of h and n.
10
Suppose 5*s - 22 - 7 = -2*o, o = 5*s - 23. Suppose -5*b = -g - 51, 3*b = -2*g + 13 + 15. What is the greatest common factor of b and o?
2
Suppose 4*s - r = 84, 0 = 3*r + 3 + 9. Calculate the highest common divisor of 10 and s.
10
Let s = 122 + -14. Let c = -28 - -32. Let j be 3*c/12*12. What is the greatest common divisor of s and j?
12
Let z = 64 - 42. What is the highest common divisor of 176 and z?
22
Suppose -30*z + 416 = -14*z. What is the highest common factor of z and 104?
26
Let j = -3 - -15. Suppose -o = -4*o + j. Suppose -4*h - 3*w + 103 = 2*w, 0 = -o*h - 2*w + 94. What is the greatest common divisor of h and 44?
22
Suppose -h = 3 - 7, -4*u = h + 4. Let r = 8 - u. Suppose 3*k - 39 = -2*t + 1, -5*t + 3*k = -100. What is the greatest common divisor of t and r?
10
Let f(h) = 4*h**2 - 6*h + 10. Let l be f(5). Let u be l/(-14)*(-7)/2. Let p(c) = -10*c. Let x be p(-5). What is the greatest common divisor of x and u?
10
Suppose 0 = a + 2*d - 16, 4*a + 0*d = -d + 43. What is the highest common divisor of 20 and a?
10
Suppose -3*d = -r - 8, d - 14 = -4*d + 2*r. Suppose 4*v - 96 = -4*q, -4*q - q - 4*v + 119 = 0. Let k = 31 - q. What is the greatest common divisor of d and k?
2
Suppose 3*h + h - k - 42 = 0, 4*h - 48 = 4*k. What is the highest common divisor of h and 40?
10
Let k(r) = 2*r**3 - 6*r**2 - 6*r - 6. Let w be k(5). Calculate the greatest common divisor of w and 8.
8
Let p = -92 + 137. Let a be -10*(-2)/((-4)/(-1)). Let u = a - -13. Calculate the highest common factor of u and p.
9
Suppose -920 = -19*o + 752. Calculate the highest common divisor of o and 11.
11
Suppose 0 = -2*a + 2*u - 5*u + 663, -u = a - 332. What is the greatest common factor of 37 and a?
37
Let p(s) be the first derivative of 2*s**4 + s**3/3 + 3. Let l be p(1). Let h be (0 - -6)/((-1)/(-3)). Calculate the greatest common factor of l and h.
9
Let v be 22 + 4 - (-2)/2. Suppose 21 = i + 3*j, -3*i + 23 = j - 2*j. Calculate the highest common divisor of i and v.
9
Let y(j) be the first derivative of 11*j**3/3 + 5*j**2/2 + 5*j + 7. Let n be y(-4). What is the highest common divisor of n and 23?
23
Suppose -5*s + 4*o = -67, 3*s - 7*s = -3*o - 53. Suppose -3*m - 199 = -4*h + 291, -2*h + 246 = -2*m. Calculate the highest common factor of h and s.
11
Let g(q) = 15*q**2 + 3*q - 1. Let r be g(1). What is the greatest common factor of 119 and r?
17
Let x be (-2)/2 + (0 - -7). Let h(g) = -4*g**2 + 4*g + 5*g**2 - x*g. Let b be h(4). What is the greatest common divisor of 20 and b?
4
Let u = -22 + 24. What is the highest common divisor of u and 6?
2
Let b(q) = -2*q + 13. Let t be b(6). What is the highest common factor of t and 1?
1
Suppose -f + 3*r = 11, f + 0*r = 2*r - 7. Calculate the greatest common divisor of 9 and f.
1
Let j be 15*8/(-18)*-3. Suppose -8 + 26 = 3*t. Suppose g = t*g - j. What is the greatest common divisor of 4 and g?
4
Suppose 5 = -3*i - 130. Let o = -21 - i. Let g(p) = 4*p. Let s be g(4). Calculate the greatest common divisor of s and o.
8
Let h(r) = -29*r + 4. Let f(i) = 15*i - 2. Let u(m) = -7*f(m) - 4*h(m). Let s be u(2). Calculate the highest common factor of 140 and s.
20
Let q = -104 + 148. Suppose w + 17 = 4*j, 3*j - 18 + 1 = 5*w. Calculate the highest common divisor of q and j.
4
Suppose 4*p + u + 3*u - 20 = 0, -2*p - 4*u = -14. Suppose 4*j = p + 1. What is the greatest common divisor of j and 4?
1
Let w = 18 - 12. Suppose 0 = w*h - 2*h - 192. Calculate the greatest common factor of h and 12.
12
Suppose 3 = -2*b + 3*b. Suppose -z + 0*z = -4*t + 36, 3*z + 36 = b*t. Suppose -4*d + 3*d = -64. What is the highest common divisor of t and d?
8
Let b(u) = -u**3 - u**2 + 4*u + 7. Let p be b(-5). Suppose 4*s - p = 3*l - 0*l, s - 3*l - 24 = 0. Calculate the greatest common divisor of s and 14.
7
Suppose -2*q + 1 + 0 = f, 2*q + 4 = 0. Suppose -f*h + 34 = 4. Let d = -62 - -116. What is the greatest common factor of d and h?
6
Let x(b) = -17*b**2 + b. Let c be x(1). Let h be (-25)/15*(1 + c). Calculate the highest common factor of h and 10.
5
Let u(b) = b**2 + 8*b - 6. Suppose 4*o = 4*f + 73 + 43, 5*f + 152 = -2*o. Let i = 20 + f. Let a be u(i). What is the greatest common factor of 35 and a?
7
Let z be (7 - 2) + (6 - 2). What is the highest common divisor of 3 and z?
3
Suppose 5*g - 186 = m, -2*g + 0*m + 70 = 4*m. What is the greatest common divisor of g and 333?
37
Suppose 3*i - 106 = -2*y, 4*y - 321 = -5*i - 107. What is the greatest common divisor of y and 7?
7
Let l be ((-6)/(-15))/(2/110). What is the greatest common factor of 88 and l?
22
Let f(o) = 2*o**2 - 17*o + 15. Let y be f(10). What is the greatest common factor of 18 and y?
9
Let n be (-4)/8*114/(-3). Suppose 2*c = -4*z + 434, -2*c - c - 2*z = -635. Calculate the highest common factor of c and n.
19
Let g(n) = -n**3 + 2*n**2 + 2. Let d be g(2). Let u be 19 + (d - 0/(-1)). Calculate the greatest common divisor of u and 147.
21
Let r(p) = -p**2 - 12*p - 15. Let q be r(-10). Calculate the greatest common divisor of 25 and q.
5
Let h = -41 - -49. Calculate the greatest common factor of h and 64.
8
Let u be ((-10)/3)/((-6)/9). Suppose 3*t + 6 = u*t. Let w be t/((-63)/(-30))*7. Calculate the highest common factor of 80 and w.
10
Suppose 0 = 5*a + 3 - 93. What is the highest common factor of 126 and a?
18
Let d(b) = b**2 + 4*b + 5. Let s be d(-4). Suppose -3*r + 133 = 28. What is the highest common factor of r and s?
5
Suppose 0 = -6*x + 2*x + 16, -a - 5*x = -23. Suppose 5 = -a*k + 50. Calculate the highest common divisor of 75 and k.
15
Let r = 25 - -5. What is the greatest common divisor of r and 6?
6
Suppose 12 = 3*w - 0*w. Suppose 5*j - 49 = 3*c, j + 1 = -c + 6. What is the highest common divisor of w and j?
4
Let l be 3/((-12)/16) + 18. Calculate the highest common factor of l and 70.
14
Let v(h) = h**3 + 6*h**2 + h + 8. Let a be v(-6). Let j be a/6 + (-8)/6. Let l(o) = -16*o + 1. Let k be l(j). Calculate the highest common divisor of k and 17.
17
Suppose -2 = -n + 3*d + 2, 5*d - 30 = -2*n. Suppose 0*b + 8*b - 400 = 0. Calculate the highest common factor of b and n.
10
Let f be 0 - (6 + 3/(-3)). Let k = f + 14. Suppose 11 = 4*i - k. Calculate the highest common factor of 1 and i.
1
Let t be (-55)/4 - 2/8. Let f be (-102)/t + 2/(-7). Let a(m) = m**3 + 14*m**2 - 14*m + 29. Let j be a(-15). Calculate the greatest common factor of j and f.
7
Suppose -2*f = 4*r - 158, -2*r = -0*r + 2*f - 74. What is the greatest common factor of r and 105?
21
Let v(i) = i**3 + 4*i**2 - 4*i - 3. Let k be v(-5). Let c be (-5)/(5/k) - 3. Calculate the highest common divisor of c and 15.
5
Let d = 114 + -34. Suppose 0*c - c = -d. What is the greatest common divisor of 32 and c?
16
Suppose -4*z = -16 - 4. Let a be (200/(-6))/z*-6. What is the highest common factor of 10 and a?
10
Suppose 205 + 243 = 4*q. What is the highest common factor of q and 16?
16
Let y(z) = -29*z + 0 + 5 - 2 - 1. Let k be y(-6). Calculate the highest common divisor of 16 and k.
16
Let w be (4/3)/(6/9). Let x = w - -2. Calculate the highest common divisor of 12 and x.
4
Let t(p) = p**2 + 3*p - 5. Let v be t(4). What is the greatest common divisor of 322 and v?
23
Let z be 3 - (0/2 + -97). Calculate the highest common divisor of 20 and z.
20
Let f = -17 + 41. What is the highest common factor of f and 3?
3
Suppose 3*b + 3*g = 99, b - 2*g = -2*b + 84. Calculat